he remainder when 12477 is divided by 43?
7
Calculate the remainder when 5912 is divided by 1174.
42
What is the remainder when 2982 is divided by 73?
62
What is the remainder when 6135 is divided by 2024?
63
What is the remainder when 2342107 is divided by 33?
31
Calculate the remainder when 52221 is divided by 256.
253
What is the remainder when 13855 is divided by 132?
127
Calculate the remainder when 4375 is divided by 223.
138
Calculate the remainder when 6686 is divided by 58.
16
Calculate the remainder when 394302 is divided by 348.
18
What is the remainder when 10828 is divided by 59?
31
What is the remainder when 2114 is divided by 61?
40
Calculate the remainder when 3626337 is divided by 10.
7
Calculate the remainder when 1738 is divided by 24.
10
Calculate the remainder when 9701 is divided by 1181.
253
Calculate the remainder when 24392 is divided by 41.
38
What is the remainder when 165112 is divided by 747?
25
What is the remainder when 297118 is divided by 63?
10
Calculate the remainder when 29373 is divided by 36.
33
Calculate the remainder when 32846 is divided by 20.
6
Calculate the remainder when 3319 is divided by 661.
14
What is the remainder when 41752 is divided by 191?
114
Calculate the remainder when 18845 is divided by 215.
140
What is the remainder when 290150 is divided by 222?
218
Calculate the remainder when 20070 is divided by 75.
45
What is the remainder when 1119 is divided by 187?
184
What is the remainder when 1035287 is divided by 111?
101
What is the remainder when 7237 is divided by 2401?
34
What is the remainder when 103839 is divided by 59?
58
What is the remainder when 3249 is divided by 1622?
5
Calculate the remainder when 84943 is divided by 904.
871
Calculate the remainder when 1125803 is divided by 92.
91
Calculate the remainder when 887946 is divided by 29.
24
What is the remainder when 5813 is divided by 20?
13
What is the remainder when 85210 is divided by 13?
8
What is the remainder when 6084 is divided by 2003?
75
Calculate the remainder when 118463 is divided by 262.
39
What is the remainder when 1984 is divided by 656?
16
What is the remainder when 108634 is divided by 3?
1
What is the remainder when 73280 is divided by 8141?
11
Calculate the remainder when 23270 is divided by 11633.
4
Calculate the remainder when 11334 is divided by 1602.
120
Calculate the remainder when 59321 is divided by 791.
787
What is the remainder when 143345 is divided by 6?
5
Calculate the remainder when 3301 is divided by 1051.
148
What is the remainder when 21328 is divided by 5328?
16
What is the remainder when 4988 is divided by 611?
100
Calculate the remainder when 5731 is divided by 41.
32
Calculate the remainder when 320300 is divided by 8897.
8
Calculate the remainder when 409057 is divided by 204528.
1
Calculate the remainder when 296097 is divided by 450.
447
What is the remainder when 5537 is divided by 554?
551
Calculate the remainder when 2277 is divided by 1039.
199
Calculate the remainder when 41783 is divided by 124.
119
What is the remainder when 138000 is divided by 55?
5
What is the remainder when 120624 is divided by 125?
124
Calculate the remainder when 2438 is divided by 57.
44
What is the remainder when 2122229 is divided by 1199?
1198
Calculate the remainder when 38703 is divided by 70.
63
Calculate the remainder when 1231 is divided by 239.
36
What is the remainder when 3124 is divided by 237?
43
Calculate the remainder when 130990 is divided by 37.
10
Calculate the remainder when 1449 is divided by 445.
114
Calculate the remainder when 725296 is divided by 139.
133
Calculate the remainder when 80595 is divided by 101.
98
Calculate the remainder when 3359 is divided by 22.
15
Calculate the remainder when 2944 is divided by 48.
16
What is the remainder when 24006 is divided by 3997?
24
What is the remainder when 188466 is divided by 496?
482
What is the remainder when 94888 is divided by 144?
136
What is the remainder when 1035 is divided by 118?
91
Calculate the remainder when 48691 is divided by 246.
229
Calculate the remainder when 8307 is divided by 525.
432
What is the remainder when 232043 is divided by 392?
371
What is the remainder when 34859 is divided by 234?
227
What is the remainder when 56106 is divided by 790?
16
What is the remainder when 58631 is divided by 1196?
27
Calculate the remainder when 99657 is divided by 12.
9
What is the remainder when 6498 is divided by 2933?
632
Calculate the remainder when 741 is divided by 153.
129
What is the remainder when 722217 is divided by 10?
7
Calculate the remainder when 1956 is divided by 132.
108
Calculate the remainder when 1629824 is divided by 22.
20
What is the remainder when 8851 is divided by 11?
7
What is the remainder when 169137 is divided by 331?
327
Calculate the remainder when 12834 is divided by 426.
54
Calculate the remainder when 330174 is divided by 1.
0
What is the remainder when 3394 is divided by 148?
138
What is the remainder when 70758 is divided by 4162?
4
Calculate the remainder when 9688 is divided by 51.
49
Calculate the remainder when 20079 is divided by 481.
358
What is the remainder when 2540 is divided by 374?
296
What is the remainder when 324 is divided by 54?
0
Calculate the remainder when 24385 is divided by 3887.
1063
Calculate the remainder when 438 is divided by 174.
90
Calculate the remainder when 130674 is divided by 22.
16
Calculate the remainder when 14414 is divided by 76.
50
Calculate the remainder when 44596 is divided by 126.
118
Calculate the remainder when 20673 is divided by 10288.
97
Calculate the remainder when 4559 is divided by 743.
101
Calculate the remainder when 4062 is divided by 270.
12
Calculate the remainder when 10403 is divided by 808.
707
Calculate the remainder when 11542 is divided by 1509.
979
What is the remainder when 170324 is divided by 24329?
21
What is the remainder when 204110 is divided by 644?
606
What is the remainder when 29746 is divided by 252?
10
Calculate the remainder when 949701 is divided by 24.
21
Calculate the remainder when 34065 is divided by 218.
57
What is the remainder when 2924 is divided by 271?
214
Calculate the remainder when 36355 is divided by 391.
383
What is the remainder when 2140 is divided by 780?
580
What is the remainder when 2269 is divided by 49?
15
What is the remainder when 213749 is divided by 282?
275
What is the remainder when 231913 is divided by 19?
18
Calculate the remainder when 2128 is divided by 133.
0
Calculate the remainder when 4417 is divided by 4407.
10
What is the remainder when 145328 is divided by 1597?
1
Calculate the remainder when 8658 is divided by 269.
50
What is the remainder when 6324 is divided by 71?
5
What is the remainder when 6088 is divided by 12?
4
Calculate the remainder when 10819 is divided by 102.
7
What is the remainder when 100735 is divided by 418?
415
What is the remainder when 947638 is divided by 1449?
1441
What is the remainder when 456607 is divided by 32?
31
What is the remainder when 2159 is divided by 197?
189
Calculate the remainder when 345536 is divided by 798.
2
Calculate the remainder when 18737 is divided by 9356.
25
Calculate the remainder when 42011 is divided by 1553.
80
What is the remainder when 9414 is divided by 15?
9
Calculate the remainder when 34533 is divided by 18.
9
Calculate the remainder when 9068 is divided by 820.
48
What is the remainder when 63508 is divided by 219?
217
Calculate the remainder when 36605 is divided by 6061.
239
Calculate the remainder when 614 is divided by 597.
17
What is the remainder when 98795 is divided by 115?
10
What is the remainder when 12845 is divided by 414?
11
What is the remainder when 18537 is divided by 127?
122
What is the remainder when 11823 is divided by 126?
105
Calculate the remainder when 531117 is divided by 177036.
9
What is the remainder when 21056 is divided by 776?
104
What is the remainder when 1214 is divided by 404?
2
Calculate the remainder when 1542454 is divided by 772.
770
What is the remainder when 1577 is divided by 868?
709
Calculate the remainder when 7919 is divided by 7717.
202
Calculate the remainder when 278348 is divided by 33.
26
Calculate the remainder when 2017 is divided by 13.
2
What is the 